*x - 2*k - 26. Is q(x) prime?
False
Suppose j - 2*b - b - 94 = 0, j = -4*b + 73. Is j a composite number?
True
Suppose -173 = 4*v - 1017. Is v prime?
True
Let j = -33 - -52. Suppose -65 = -h - j. Suppose 3*i + 2*t - 39 = -0*i, 0 = 5*i - 3*t - h. Is i a composite number?
False
Let w = 11 + -17. Let u(y) = y**2 + 6*y - 2. Let l be u(w). Is ((-2)/4)/(l/12) a composite number?
False
Let i be -311*(-3)/(6 + -3). Suppose 3*a + 4*v - i = -0*v, 4*v - 214 = -2*a. Is a a prime number?
True
Let l(y) = y**3 + 9*y**2 + 8*y + 5. Let u be l(-8). Suppose 39 - 204 = -u*w. Is w composite?
True
Suppose -34*z - 1354 = -36*z. Is z prime?
True
Let i be 1/(-1*(-1)/(-1)). Let c be i/(-5) - (-1582)/(-10). Is 2*2/((-8)/c) a composite number?
False
Suppose -12 = 4*m + 5*u + 1059, -m + 4*u = 252. Let r = m + 451. Is r prime?
False
Let c = -2340 + 3291. Is c composite?
True
Suppose -3*v = -v - 5*x, -3*v = 5*x. Suppose w = -v + 2, r - 2*w = -89. Let f = 122 + r. Is f composite?
False
Suppose 0 = 5*p + 38 + 27. Let g = p + 34. Is g a prime number?
False
Suppose -3 - 2 = 5*w. Let a = w - -3. Suppose 805 = 3*l + a*l. Is l prime?
False
Let x(o) = -9*o**3 + 5*o**2 + 2*o. Let c(k) = -4*k**3 + 3*k**2 + k. Let f(q) = 7*c(q) - 3*x(q). Let y be f(6). Is (-4)/y + 118/6 a prime number?
True
Let o = 3 - 0. Suppose 2*z + 0*v - o*v - 395 = 0, -1015 = -5*z + 2*v. Is z prime?
False
Suppose -w = -5*b + 740, -4*b + 9*b - 755 = -2*w. Is b composite?
False
Let q(j) = -7*j - 58. Is q(-11) prime?
True
Let g(w) = 196*w + 9. Is g(4) a composite number?
True
Suppose 5*y - 429 = 2*y. Is y composite?
True
Let f be (-2)/4 - (-225)/10. Let l = 8 + -5. Suppose l*r - 64 = -f. Is r a prime number?
False
Let n(p) = -38*p**3 - 2*p**2 - 2*p - 3. Let k be (2 - -1) + (0 - 5). Let m be n(k). Suppose -2*c = -5*f + m, -4*f + 233 = -0*c + 3*c. Is f a prime number?
True
Let i(d) be the second derivative of d**3/6 - d**2/2 - d. Let h be i(6). Let x(q) = q**3 - 3*q + 3. Is x(h) composite?
False
Let z be 508/16 - 1/(-4). Let b = z - 19. Is b composite?
False
Let b = 23 - 13. Is b composite?
True
Is (-7724)/6*(105/(-10))/7 a prime number?
True
Let k be 361*(1 + -2) - 1. Let x = k + 735. Is x prime?
True
Let z(t) = -125*t - 2. Is z(-5) a composite number?
True
Suppose 2*g = o - 31, -5*g - 133 = 3*o - 7*o. Is o a prime number?
True
Let m be (1 - (1 + 1))*-1. Suppose 2*j - 3 = m. Is (52/8)/(1/j) a prime number?
True
Let j(t) = 37*t**2 + 4*t + 9. Let d be j(-8). Suppose -4*l + z + 4685 = 2*z, 0 = 2*l + 3*z - d. Is l composite?
False
Let i be (4/12)/(3/342). Suppose -32 = -4*c + 3*b, -5*c + 33 = 4*b - i. Is c prime?
True
Suppose h = -h - 4*f + 16, 0 = 3*h + 2*f - 8. Suppose -2*w = 2*s + w, 5*s + 2*w = h. Is (-462)/(-2) + 2 + s composite?
False
Suppose 0 = -5*c + 2070 - 385. Is c a prime number?
True
Let i(z) = 17*z**2 + 10*z - 10. Is i(-7) prime?
False
Let v(k) = 8*k - 2. Let u be v(2). Let r(i) = -5*i - 1. Let a be r(-1). Is a/(-14) + 466/u prime?
False
Let u(a) = 2*a**3 + 3*a - 3 + 2*a**2 + 0*a - a**2 + 3*a**2. Is u(4) prime?
False
Let i(v) = 4*v**2 - v + 5. Is i(6) a composite number?
True
Suppose 4*o - 2*o - 240 = 2*i, 4*o - 3*i = 475. Suppose -o = -4*b - b. Is b prime?
True
Let l be -2 + (-199 - 4) + 4. Let o = -118 - l. Is o composite?
False
Suppose s = 2*g - 4, -2*s = 2*g - g + 8. Suppose g = -b - 2*b + 123. Suppose -b = 3*x - 182. Is x prime?
True
Let h be ((-8)/(-6))/(6/(-18)). Let o(p) = 2*p**3 + p**2 - 1. Let l(m) = 2*m**3 - m - 1. Let g(x) = -6*l(x) + 5*o(x). Is g(h) a prime number?
False
Let g(f) = 205*f - 1. Let b be g(2). Suppose -4*s = c - 384, -2*c = 5*s - b - 68. Is s prime?
True
Let s = 7 - 4. Is 1/((-4)/(-2676)*s) a prime number?
True
Let p = -24 + 117. Is p a composite number?
True
Let o be ((-3)/2)/(3/(-4)). Suppose o*q = -q - 450. Let t = -35 - q. Is t prime?
False
Suppose 2*w + 287 = 3*w. Is w a prime number?
False
Let p(z) = z**2 + z + 69. Suppose 0 = -4*c - 3*l - 2 - 10, 0 = -c - 5*l - 20. Is p(c) a prime number?
False
Let k(c) be the first derivative of c**3/3 - 3*c**2 + 10*c - 3. Let f(w) = -2*w**2 + 13*w - 20. Let j(o) = 2*f(o) + 5*k(o). Is j(7) prime?
True
Let j(i) = -5*i + 2*i**2 + 2 - 13 - 8*i. Is j(-8) prime?
False
Let i be (2 - -1 - 3)/1. Suppose i = -t + 40 + 115. Is t a composite number?
True
Let b be 2*(0 + 19/2). Let z be 4/(-5)*(-5)/2. Is (-1 + z)/1*b a prime number?
True
Is 253/2 + 2/4 composite?
False
Suppose -376 = -4*i - 68. Is i a composite number?
True
Suppose -3*f - 2*k + 2019 = -7*k, 4*f = -k + 2692. Is f a prime number?
True
Suppose 5*d - 152 = 453. Is d composite?
True
Suppose 12 = 4*a - 3*q - 5, -3*q = 5*a - 28. Suppose o - a = -36. Is 1 + (-1 - o) + 0 a prime number?
True
Suppose -q + 18 = -3*b, 2*q - 4*b - 26 = -0*q. Suppose -2*c + 4*l = q*c - 165, 5*c + 5*l = 165. Suppose 2*j = j + c. Is j a prime number?
False
Let i(q) = -7*q**2 + q - 2*q + 8*q**2. Let f be i(1). Let k(u) = u + 6. Is k(f) a prime number?
False
Is 3/4 - 605/(-20) prime?
True
Is (-5276)/(-6) + 1/(-3) prime?
False
Let a(q) = -q - 5. Suppose 2*k - 14 = 4*j, 2*j - 29 = 6*j + k. Let c be a(j). Suppose -c = -r + 12. Is r prime?
True
Let c = -39 + -35. Let s = c - -105. Is s prime?
True
Let i = 1320 + -623. Is i prime?
False
Let c = -5 - -5. Suppose c = 2*h - 89 + 1037. Is h/4*2/(-3) prime?
True
Let n = 284 + -173. Is n prime?
False
Let j(t) = -7*t - 22. Is j(-11) prime?
False
Is 586/(-6)*(-6 + 0) composite?
True
Is 13610/(-4)*6/(-15) composite?
False
Let f(z) = -2*z**3 - 2 + 23*z**3 + 2*z - z**2 - 3*z**3. Is f(3) prime?
False
Let n be 5/(-2)*(-7 - -5). Suppose 3*w - 22 = -5*m, 5*m - n*w + 6 = -w. Suppose -m*l - 3*v = 2*v - 70, -5*v + 105 = 3*l. Is l a prime number?
False
Suppose -2*z = 8, -3*l + 6*l + 5*z - 82 = 0. Let y = -1 + l. Let r = y + -19. Is r prime?
False
Let x = -1117 - -2015. Is x prime?
False
Suppose -2*v - 4*v = -258. Is v prime?
True
Suppose -7*b + 446 = -5*b. Is b a prime number?
True
Let o be (-4)/6 - 16/12. Is 1/(o - 69/(-33)) prime?
True
Suppose 446 - 1323 = -w. Is w a composite number?
False
Suppose 6*o - 3*o = 5*u - 9, -2*o - 6 = 3*u. Let l = 3 - u. Suppose -l = w - 36. Is w a composite number?
True
Let g(p) = 52*p - 7. Is g(4) a composite number?
True
Let r = 3 + 0. Suppose 5*x + 2*j = -524, 0*x - 4*x = -r*j + 410. Let k = x - -159. Is k prime?
False
Is (-1)/(-3) - 2634/(-9) a prime number?
True
Suppose -6 - 42 = -5*q - 3*b, -4*b + 40 = 4*q. Is q a prime number?
False
Suppose 2*v - 10 = 0, 2*w + 4*v - 35 = -3*w. Let g = w + 1. Suppose g*u - 4*k - 840 = 0, 5*k + 0*k - 1060 = -5*u. Is u a prime number?
True
Suppose 218 = 3*x - 37. Is x a prime number?
False
Suppose -3*q = -7*q + 1524. Is q composite?
True
Is 4/(-14) - (21726/(-42) + -4) composite?
False
Let v be (-47)/2*(-8)/4. Suppose 4*w + v = 223. Let a = w - 13. Is a a composite number?
False
Suppose 5*h - 6 = 2*h. Let l(k) = 24*k**h - 2*k + 4*k + 3*k - 4*k. Is l(-1) composite?
False
Let q = 6 + 37. Suppose -2*o + 286 + q = 3*y, -3*o = -4*y - 519. Is o prime?
False
Suppose 5*r - 3*r - 114 = 4*o, -2*r + 123 = 5*o. Is r composite?
False
Let p(a) = -a - 1. Let i(n) = -6*n - 7. Let l(t) = -12*t - 15. Let r(b) = -5*i(b) + 2*l(b). Let g(k) = -15*p(k) - 3*r(k). Is g(-7) a composite number?
True
Let j(r) = r**3 + 11*r**2 - 5*r + 2. Let p be j(-12). Let b = -47 - p. Is b a composite number?
True
Let a = 200 + -98. Suppose -a = -4*u + u. Is u a prime number?
False
Let w be 6/(-3) - 0/1. Let b(u) = -u**2 + 3*u + 3. Let f be b(w). Let l = f - -10. Is l prime?
True
Let u(a) = 65*a + 6. Is u(5) a prime number?
True
Suppose 5*c = -2*w + 7*w - 160, 4*c = 5*w - 160. Suppose g - w = -g. Is ((-2840)/g)/(1/(-2)) a composite number?
True
Let q be (-8)/3*9/2. Let g = -4 + -4. Is (q/g)/((-1)/(-46)) a composite number?
True
Suppose -4*q + 15285 = -s, -s - 5 + 4 = 0. Is q a prime number?
True
Suppose 644 = 5*v - v. Let g = -94 + v. Is g a composite number?
False
Suppose -25*d + 15655 = -20*d. Is d prime?
False
Suppose 12 = 5*n - 3. Suppose -a = n*a - 2964. Suppose 71 = 4*m - a. Is m prime?
False
Let b(z) = z**3 - 7*z**2 + 22. Is b(7) a composite number?
True
Let w = 1 + 2. Suppose -5 = 2*z + w*z. Is z/(-6) + 195/18 a prime number?
True
Let t be (-28)/(-6) - (-4)/12. Suppose t*f = -653 + 1783. Is f prime?
False
Let a be (-84)/(-5) - 1/(-5). Let v be (-1)/(-1